{"id":156,"date":"2025-02-24T10:13:41","date_gmt":"2025-02-24T13:13:41","guid":{"rendered":"https:\/\/staging1.limitlessborders.com.br\/?page_id=156"},"modified":"2025-02-24T10:44:24","modified_gmt":"2025-02-24T13:44:24","slug":"blog","status":"publish","type":"page","link":"https:\/\/staging1.limitlessborders.com.br\/index.php\/blog\/","title":{"rendered":"Blog"},"content":{"rendered":"\t\t<div data-elementor-type=\"wp-page\" data-elementor-id=\"156\" class=\"elementor elementor-156\" data-elementor-post-type=\"page\">\n\t\t\t\t<div class=\"elementor-element elementor-element-79cfd7c0 e-flex e-con-boxed e-con e-parent\" data-id=\"79cfd7c0\" data-element_type=\"container\" data-settings=\"{&quot;background_background&quot;:&quot;classic&quot;}\">\n\t\t\t\t\t<div class=\"e-con-inner\">\n\t\t\t\t<div class=\"elementor-element elementor-element-d6f3364 elementor-widget__width-inherit elementor-widget elementor-widget-heading\" data-id=\"d6f3364\" data-element_type=\"widget\" data-widget_type=\"heading.default\">\n\t\t\t\t<div class=\"elementor-widget-container\">\n\t\t\t\t\t<h2 class=\"elementor-heading-title elementor-size-default\">Blog<\/h2>\t\t\t\t<\/div>\n\t\t\t\t<\/div>\n\t\t\t\t\t<\/div>\n\t\t\t\t<\/div>\n\t\t<div class=\"elementor-element elementor-element-b6765fa e-flex e-con-boxed e-con e-parent\" data-id=\"b6765fa\" data-element_type=\"container\">\n\t\t\t\t\t<div class=\"e-con-inner\">\n\t\t\t\t<div class=\"elementor-element elementor-element-11caea6 elementor-widget elementor-widget-heading\" data-id=\"11caea6\" data-element_type=\"widget\" data-widget_type=\"heading.default\">\n\t\t\t\t<div class=\"elementor-widget-container\">\n\t\t\t\t\t<h2 class=\"elementor-heading-title elementor-size-default\">Profissionais experientes<\/h2>\t\t\t\t<\/div>\n\t\t\t\t<\/div>\n\t\t\t\t<div class=\"elementor-element elementor-element-6d8bf59 elementor-widget elementor-widget-text-editor\" data-id=\"6d8bf59\" data-element_type=\"widget\" data-widget_type=\"text-editor.default\">\n\t\t\t\t<div class=\"elementor-widget-container\">\n\t\t\t\t\t\t\t\t\t<p>Corpo jur\u00eddico<\/p>\t\t\t\t\t\t\t\t<\/div>\n\t\t\t\t<\/div>\n\t\t\t\t<div class=\"elementor-element elementor-element-bf9ee58 elementor-widget__width-initial elementor-widget elementor-widget-text-editor\" data-id=\"bf9ee58\" data-element_type=\"widget\" data-widget_type=\"text-editor.default\">\n\t\t\t\t<div class=\"elementor-widget-container\">\n\t\t\t\t\t\t\t\t\t<p>Lorem ipsum dolor sit amet, consectetur adipiscing elit. Ut elit tellus, luctus nec ullamcorper mattis, pulvinar dapibus leo.<\/p>\t\t\t\t\t\t\t\t<\/div>\n\t\t\t\t<\/div>\n\t\t\t\t<div class=\"elementor-element elementor-element-212c7fe elementor-posts--align-left elementor-grid-3 elementor-grid-tablet-2 elementor-grid-mobile-1 elementor-posts--thumbnail-top load-more-align-center elementor-widget elementor-widget-posts\" data-id=\"212c7fe\" data-element_type=\"widget\" data-settings=\"{&quot;pagination_type&quot;:&quot;load_more_on_click&quot;,&quot;classic_columns&quot;:&quot;3&quot;,&quot;classic_columns_tablet&quot;:&quot;2&quot;,&quot;classic_columns_mobile&quot;:&quot;1&quot;,&quot;classic_row_gap&quot;:{&quot;unit&quot;:&quot;px&quot;,&quot;size&quot;:35,&quot;sizes&quot;:[]},&quot;classic_row_gap_tablet&quot;:{&quot;unit&quot;:&quot;px&quot;,&quot;size&quot;:&quot;&quot;,&quot;sizes&quot;:[]},&quot;classic_row_gap_mobile&quot;:{&quot;unit&quot;:&quot;px&quot;,&quot;size&quot;:&quot;&quot;,&quot;sizes&quot;:[]},&quot;load_more_spinner&quot;:{&quot;value&quot;:&quot;fas fa-spinner&quot;,&quot;library&quot;:&quot;fa-solid&quot;}}\" data-widget_type=\"posts.classic\">\n\t\t\t\t<div class=\"elementor-widget-container\">\n\t\t\t\t\t\t\t<div class=\"elementor-posts-container elementor-posts elementor-posts--skin-classic elementor-grid\">\n\t\t\t\t<article class=\"elementor-post elementor-grid-item post-140 post type-post status-publish format-standard has-post-thumbnail hentry category-familiar\">\n\t\t\t\t<a class=\"elementor-post__thumbnail__link\" href=\"https:\/\/staging1.limitlessborders.com.br\/index.php\/2025\/02\/21\/como-funciona-o-divorcio-no-brasil\/\" tabindex=\"-1\" >\n\t\t\t<div class=\"elementor-post__thumbnail\"><img fetchpriority=\"high\" decoding=\"async\" width=\"400\" height=\"300\" src=\"https:\/\/staging1.limitlessborders.com.br\/wp-content\/uploads\/2025\/02\/0-2.jpg\" class=\"attachment-full size-full wp-image-134\" alt=\"\" srcset=\"https:\/\/staging1.limitlessborders.com.br\/wp-content\/uploads\/2025\/02\/0-2.jpg 400w, https:\/\/staging1.limitlessborders.com.br\/wp-content\/uploads\/2025\/02\/0-2-300x225.jpg 300w\" sizes=\"(max-width: 400px) 100vw, 400px\" \/><\/div>\n\t\t<\/a>\n\t\t\t\t<div class=\"elementor-post__text\">\n\t\t\t\t<h3 class=\"elementor-post__title\">\n\t\t\t<a href=\"https:\/\/staging1.limitlessborders.com.br\/index.php\/2025\/02\/21\/como-funciona-o-divorcio-no-brasil\/\" >\n\t\t\t\tComo funciona o div\u00f3rcio no brasil\t\t\t<\/a>\n\t\t<\/h3>\n\t\t\t\t<div class=\"elementor-post__meta-data\">\n\t\t\t\t\t<span class=\"elementor-post-date\">\n\t\t\t21 de fevereiro de 2025\t\t<\/span>\n\t\t\t\t<\/div>\n\t\t\t\t<div class=\"elementor-post__excerpt\">\n\t\t\t<p>O Compliance refere-se ao conjunto de normas, pol\u00edticas e diretrizes que garantem que uma empresa esteja em conformidade com leis, regulamentos e padr\u00f5es \u00e9ticos. Ele envolve a implementa\u00e7\u00e3o de pr\u00e1ticas<\/p>\n\t\t<\/div>\n\t\t\n\t\t<a class=\"elementor-post__read-more\" href=\"https:\/\/staging1.limitlessborders.com.br\/index.php\/2025\/02\/21\/como-funciona-o-divorcio-no-brasil\/\" aria-label=\"Leia mais sobre Como funciona o div\u00f3rcio no brasil\" tabindex=\"-1\" >\n\t\t\tLeia mais \u00bb\t\t<\/a>\n\n\t\t\t\t<\/div>\n\t\t\t\t<\/article>\n\t\t\t\t<article class=\"elementor-post elementor-grid-item post-137 post type-post status-publish format-standard has-post-thumbnail hentry category-familiar\">\n\t\t\t\t<a class=\"elementor-post__thumbnail__link\" href=\"https:\/\/staging1.limitlessborders.com.br\/index.php\/2025\/02\/21\/inventario-e-partilha-de-bens\/\" tabindex=\"-1\" >\n\t\t\t<div class=\"elementor-post__thumbnail\"><img decoding=\"async\" width=\"400\" height=\"300\" src=\"https:\/\/staging1.limitlessborders.com.br\/wp-content\/uploads\/2025\/02\/0-3-1.jpg\" class=\"attachment-full size-full wp-image-138\" alt=\"\" srcset=\"https:\/\/staging1.limitlessborders.com.br\/wp-content\/uploads\/2025\/02\/0-3-1.jpg 400w, https:\/\/staging1.limitlessborders.com.br\/wp-content\/uploads\/2025\/02\/0-3-1-300x225.jpg 300w\" sizes=\"(max-width: 400px) 100vw, 400px\" \/><\/div>\n\t\t<\/a>\n\t\t\t\t<div class=\"elementor-post__text\">\n\t\t\t\t<h3 class=\"elementor-post__title\">\n\t\t\t<a href=\"https:\/\/staging1.limitlessborders.com.br\/index.php\/2025\/02\/21\/inventario-e-partilha-de-bens\/\" >\n\t\t\t\tInvent\u00e1rio e partilha de bens\t\t\t<\/a>\n\t\t<\/h3>\n\t\t\t\t<div class=\"elementor-post__meta-data\">\n\t\t\t\t\t<span class=\"elementor-post-date\">\n\t\t\t21 de fevereiro de 2025\t\t<\/span>\n\t\t\t\t<\/div>\n\t\t\t\t<div class=\"elementor-post__excerpt\">\n\t\t\t<p>O Compliance refere-se ao conjunto de normas, pol\u00edticas e diretrizes que garantem que uma empresa esteja em conformidade com leis, regulamentos e padr\u00f5es \u00e9ticos. Ele envolve a implementa\u00e7\u00e3o de pr\u00e1ticas<\/p>\n\t\t<\/div>\n\t\t\n\t\t<a class=\"elementor-post__read-more\" href=\"https:\/\/staging1.limitlessborders.com.br\/index.php\/2025\/02\/21\/inventario-e-partilha-de-bens\/\" aria-label=\"Leia mais sobre Invent\u00e1rio e partilha de bens\" tabindex=\"-1\" >\n\t\t\tLeia mais \u00bb\t\t<\/a>\n\n\t\t\t\t<\/div>\n\t\t\t\t<\/article>\n\t\t\t\t<article class=\"elementor-post elementor-grid-item post-131 post type-post status-publish format-standard has-post-thumbnail hentry category-geral\">\n\t\t\t\t<a class=\"elementor-post__thumbnail__link\" href=\"https:\/\/staging1.limitlessborders.com.br\/index.php\/2025\/02\/21\/entenda-oque-e-compliance-e-sua-importancia-para-empresas\/\" tabindex=\"-1\" >\n\t\t\t<div class=\"elementor-post__thumbnail\"><img fetchpriority=\"high\" decoding=\"async\" width=\"400\" height=\"300\" src=\"https:\/\/staging1.limitlessborders.com.br\/wp-content\/uploads\/2025\/02\/0-2.jpg\" class=\"attachment-full size-full wp-image-134\" alt=\"\" srcset=\"https:\/\/staging1.limitlessborders.com.br\/wp-content\/uploads\/2025\/02\/0-2.jpg 400w, https:\/\/staging1.limitlessborders.com.br\/wp-content\/uploads\/2025\/02\/0-2-300x225.jpg 300w\" sizes=\"(max-width: 400px) 100vw, 400px\" \/><\/div>\n\t\t<\/a>\n\t\t\t\t<div class=\"elementor-post__text\">\n\t\t\t\t<h3 class=\"elementor-post__title\">\n\t\t\t<a href=\"https:\/\/staging1.limitlessborders.com.br\/index.php\/2025\/02\/21\/entenda-oque-e-compliance-e-sua-importancia-para-empresas\/\" >\n\t\t\t\tEntenda oque e compliance e sua importancia para empresas\t\t\t<\/a>\n\t\t<\/h3>\n\t\t\t\t<div class=\"elementor-post__meta-data\">\n\t\t\t\t\t<span class=\"elementor-post-date\">\n\t\t\t21 de fevereiro de 2025\t\t<\/span>\n\t\t\t\t<\/div>\n\t\t\t\t<div class=\"elementor-post__excerpt\">\n\t\t\t<p>O Compliance refere-se ao conjunto de normas, pol\u00edticas e diretrizes que garantem que uma empresa esteja em conformidade com leis, regulamentos e padr\u00f5es \u00e9ticos. Ele envolve a implementa\u00e7\u00e3o de pr\u00e1ticas<\/p>\n\t\t<\/div>\n\t\t\n\t\t<a class=\"elementor-post__read-more\" href=\"https:\/\/staging1.limitlessborders.com.br\/index.php\/2025\/02\/21\/entenda-oque-e-compliance-e-sua-importancia-para-empresas\/\" aria-label=\"Leia mais sobre Entenda oque e compliance e sua importancia para empresas\" tabindex=\"-1\" >\n\t\t\tLeia mais \u00bb\t\t<\/a>\n\n\t\t\t\t<\/div>\n\t\t\t\t<\/article>\n\t\t\t\t<\/div>\n\t\t\t\t\t<span class=\"e-load-more-spinner\">\n\t\t\t\t<svg aria-hidden=\"true\" class=\"e-font-icon-svg e-fas-spinner\" viewBox=\"0 0 512 512\" xmlns=\"http:\/\/www.w3.org\/2000\/svg\"><path d=\"M304 48c0 26.51-21.49 48-48 48s-48-21.49-48-48 21.49-48 48-48 48 21.49 48 48zm-48 368c-26.51 0-48 21.49-48 48s21.49 48 48 48 48-21.49 48-48-21.49-48-48-48zm208-208c-26.51 0-48 21.49-48 48s21.49 48 48 48 48-21.49 48-48-21.49-48-48-48zM96 256c0-26.51-21.49-48-48-48S0 229.49 0 256s21.49 48 48 48 48-21.49 48-48zm12.922 99.078c-26.51 0-48 21.49-48 48s21.49 48 48 48 48-21.49 48-48c0-26.509-21.491-48-48-48zm294.156 0c-26.51 0-48 21.49-48 48s21.49 48 48 48 48-21.49 48-48c0-26.509-21.49-48-48-48zM108.922 60.922c-26.51 0-48 21.49-48 48s21.49 48 48 48 48-21.49 48-48-21.491-48-48-48z\"><\/path><\/svg>\t\t\t<\/span>\n\t\t\n\t\t\t\t<div class=\"e-load-more-anchor\" data-page=\"1\" data-max-page=\"2\" data-next-page=\"https:\/\/staging1.limitlessborders.com.br\/index.php\/wp-json\/wp\/v2\/pages\/156\/page\/2\/\"><\/div>\n\t\t\t\t<div class=\"elementor-button-wrapper\">\n\t\t\t<a href=\"#\" class=\"elementor-button-link elementor-button\" role=\"button\">\n\t\t\t\t\t\t<span class=\"elementor-button-content-wrapper\">\n\t\t\t\t\t\t\t<span class=\"elementor-button-icon\">\n\t\t\t\t<svg aria-hidden=\"true\" class=\"e-font-icon-svg e-far-arrow-alt-circle-down\" viewBox=\"0 0 512 512\" xmlns=\"http:\/\/www.w3.org\/2000\/svg\"><path d=\"M256 8C119 8 8 119 8 256s111 248 248 248 248-111 248-248S393 8 256 8zm0 448c-110.5 0-200-89.5-200-200S145.5 56 256 56s200 89.5 200 200-89.5 200-200 200zm-32-316v116h-67c-10.7 0-16 12.9-8.5 20.5l99 99c4.7 4.7 12.3 4.7 17 0l99-99c7.6-7.6 2.2-20.5-8.5-20.5h-67V140c0-6.6-5.4-12-12-12h-40c-6.6 0-12 5.4-12 12z\"><\/path><\/svg>\t\t\t<\/span>\n\t\t\t\t\t\t\t\t\t<span class=\"elementor-button-text\">Carregar mais<\/span>\n\t\t\t\t\t<\/span>\n\t\t\t\t\t<\/a>\n\t\t<\/div>\n\t\t\t\t<div class=\"e-load-more-message\"><\/div>\n\t\t\t\t\t\t<\/div>\n\t\t\t\t<\/div>\n\t\t\t\t\t<\/div>\n\t\t\t\t<\/div>\n\t\t\t\t<\/div>\n\t\t","protected":false},"excerpt":{"rendered":"<p>Blog Profissionais experientes Corpo jur\u00eddico Lorem ipsum dolor sit amet, consectetur adipiscing elit. Ut elit tellus, luctus nec ullamcorper mattis, pulvinar dapibus leo.<\/p>\n","protected":false},"author":1,"featured_media":0,"parent":0,"menu_order":0,"comment_status":"closed","ping_status":"closed","template":"","meta":{"footnotes":""},"class_list":["post-156","page","type-page","status-publish","hentry"],"yoast_head":"<!-- This site is optimized with the Yoast SEO plugin v24.5 - https:\/\/yoast.com\/wordpress\/plugins\/seo\/ -->\n<title>Blog - Advogados &amp; Associados<\/title>\n<meta name=\"robots\" content=\"index, follow, max-snippet:-1, max-image-preview:large, max-video-preview:-1\" \/>\n<link rel=\"canonical\" href=\"https:\/\/staging1.limitlessborders.com.br\/index.php\/blog\/\" \/>\n<meta property=\"og:locale\" content=\"pt_BR\" \/>\n<meta property=\"og:type\" content=\"article\" \/>\n<meta property=\"og:title\" content=\"Blog - Advogados &amp; Associados\" \/>\n<meta property=\"og:description\" content=\"Blog Profissionais experientes Corpo jur\u00eddico Lorem ipsum dolor sit amet, consectetur adipiscing elit. Ut elit tellus, luctus nec ullamcorper mattis, pulvinar dapibus leo.\" \/>\n<meta property=\"og:url\" content=\"https:\/\/staging1.limitlessborders.com.br\/index.php\/blog\/\" \/>\n<meta property=\"og:site_name\" content=\"Advogados &amp; Associados\" \/>\n<meta property=\"article:modified_time\" content=\"2025-02-24T13:44:24+00:00\" \/>\n<meta name=\"twitter:card\" content=\"summary_large_image\" \/>\n<script type=\"application\/ld+json\" class=\"yoast-schema-graph\">{\"@context\":\"https:\/\/schema.org\",\"@graph\":[{\"@type\":\"WebPage\",\"@id\":\"https:\/\/staging1.limitlessborders.com.br\/index.php\/blog\/\",\"url\":\"https:\/\/staging1.limitlessborders.com.br\/index.php\/blog\/\",\"name\":\"Blog - Advogados &amp; Associados\",\"isPartOf\":{\"@id\":\"https:\/\/staging1.limitlessborders.com.br\/#website\"},\"datePublished\":\"2025-02-24T13:13:41+00:00\",\"dateModified\":\"2025-02-24T13:44:24+00:00\",\"breadcrumb\":{\"@id\":\"https:\/\/staging1.limitlessborders.com.br\/index.php\/blog\/#breadcrumb\"},\"inLanguage\":\"pt-BR\",\"potentialAction\":[{\"@type\":\"ReadAction\",\"target\":[\"https:\/\/staging1.limitlessborders.com.br\/index.php\/blog\/\"]}]},{\"@type\":\"BreadcrumbList\",\"@id\":\"https:\/\/staging1.limitlessborders.com.br\/index.php\/blog\/#breadcrumb\",\"itemListElement\":[{\"@type\":\"ListItem\",\"position\":1,\"name\":\"In\u00edcio\",\"item\":\"https:\/\/staging1.limitlessborders.com.br\/\"},{\"@type\":\"ListItem\",\"position\":2,\"name\":\"Blog\"}]},{\"@type\":\"WebSite\",\"@id\":\"https:\/\/staging1.limitlessborders.com.br\/#website\",\"url\":\"https:\/\/staging1.limitlessborders.com.br\/\",\"name\":\"Advogados &amp; Associados\",\"description\":\"oferecemos assessoria jur\u00eddica estrat\u00e9gica e personalizada para atender \u00e0s suas necessidades. Com uma equipe experiente e comprometida, atuamos em diversas \u00e1reas do Direito, garantindo solu\u00e7\u00f5es eficientes e seguras para nossos clientes. Nossa miss\u00e3o \u00e9 defender seus direitos com \u00e9tica, transpar\u00eancia e excel\u00eancia.  Entre em contato e conte com a expertise de profissionais dedicados a encontrar as melhores solu\u00e7\u00f5es jur\u00eddicas para voc\u00ea ou sua empresa.\",\"publisher\":{\"@id\":\"https:\/\/staging1.limitlessborders.com.br\/#organization\"},\"potentialAction\":[{\"@type\":\"SearchAction\",\"target\":{\"@type\":\"EntryPoint\",\"urlTemplate\":\"https:\/\/staging1.limitlessborders.com.br\/?s={search_term_string}\"},\"query-input\":{\"@type\":\"PropertyValueSpecification\",\"valueRequired\":true,\"valueName\":\"search_term_string\"}}],\"inLanguage\":\"pt-BR\"},{\"@type\":\"Organization\",\"@id\":\"https:\/\/staging1.limitlessborders.com.br\/#organization\",\"name\":\"Advogados &amp; Associados\",\"url\":\"https:\/\/staging1.limitlessborders.com.br\/\",\"logo\":{\"@type\":\"ImageObject\",\"inLanguage\":\"pt-BR\",\"@id\":\"https:\/\/staging1.limitlessborders.com.br\/#\/schema\/logo\/image\/\",\"url\":\"https:\/\/staging1.limitlessborders.com.br\/wp-content\/uploads\/2025\/02\/click.png\",\"contentUrl\":\"https:\/\/staging1.limitlessborders.com.br\/wp-content\/uploads\/2025\/02\/click.png\",\"width\":600,\"height\":177,\"caption\":\"Advogados &amp; Associados\"},\"image\":{\"@id\":\"https:\/\/staging1.limitlessborders.com.br\/#\/schema\/logo\/image\/\"}}]}<\/script>\n<!-- \/ Yoast SEO plugin. -->","yoast_head_json":{"title":"Blog - Advogados &amp; Associados","robots":{"index":"index","follow":"follow","max-snippet":"max-snippet:-1","max-image-preview":"max-image-preview:large","max-video-preview":"max-video-preview:-1"},"canonical":"https:\/\/staging1.limitlessborders.com.br\/index.php\/blog\/","og_locale":"pt_BR","og_type":"article","og_title":"Blog - Advogados &amp; Associados","og_description":"Blog Profissionais experientes Corpo jur\u00eddico Lorem ipsum dolor sit amet, consectetur adipiscing elit. Ut elit tellus, luctus nec ullamcorper mattis, pulvinar dapibus leo.","og_url":"https:\/\/staging1.limitlessborders.com.br\/index.php\/blog\/","og_site_name":"Advogados &amp; Associados","article_modified_time":"2025-02-24T13:44:24+00:00","twitter_card":"summary_large_image","schema":{"@context":"https:\/\/schema.org","@graph":[{"@type":"WebPage","@id":"https:\/\/staging1.limitlessborders.com.br\/index.php\/blog\/","url":"https:\/\/staging1.limitlessborders.com.br\/index.php\/blog\/","name":"Blog - Advogados &amp; Associados","isPartOf":{"@id":"https:\/\/staging1.limitlessborders.com.br\/#website"},"datePublished":"2025-02-24T13:13:41+00:00","dateModified":"2025-02-24T13:44:24+00:00","breadcrumb":{"@id":"https:\/\/staging1.limitlessborders.com.br\/index.php\/blog\/#breadcrumb"},"inLanguage":"pt-BR","potentialAction":[{"@type":"ReadAction","target":["https:\/\/staging1.limitlessborders.com.br\/index.php\/blog\/"]}]},{"@type":"BreadcrumbList","@id":"https:\/\/staging1.limitlessborders.com.br\/index.php\/blog\/#breadcrumb","itemListElement":[{"@type":"ListItem","position":1,"name":"In\u00edcio","item":"https:\/\/staging1.limitlessborders.com.br\/"},{"@type":"ListItem","position":2,"name":"Blog"}]},{"@type":"WebSite","@id":"https:\/\/staging1.limitlessborders.com.br\/#website","url":"https:\/\/staging1.limitlessborders.com.br\/","name":"Advogados &amp; Associados","description":"oferecemos assessoria jur\u00eddica estrat\u00e9gica e personalizada para atender \u00e0s suas necessidades. Com uma equipe experiente e comprometida, atuamos em diversas \u00e1reas do Direito, garantindo solu\u00e7\u00f5es eficientes e seguras para nossos clientes. Nossa miss\u00e3o \u00e9 defender seus direitos com \u00e9tica, transpar\u00eancia e excel\u00eancia.  Entre em contato e conte com a expertise de profissionais dedicados a encontrar as melhores solu\u00e7\u00f5es jur\u00eddicas para voc\u00ea ou sua empresa.","publisher":{"@id":"https:\/\/staging1.limitlessborders.com.br\/#organization"},"potentialAction":[{"@type":"SearchAction","target":{"@type":"EntryPoint","urlTemplate":"https:\/\/staging1.limitlessborders.com.br\/?s={search_term_string}"},"query-input":{"@type":"PropertyValueSpecification","valueRequired":true,"valueName":"search_term_string"}}],"inLanguage":"pt-BR"},{"@type":"Organization","@id":"https:\/\/staging1.limitlessborders.com.br\/#organization","name":"Advogados &amp; Associados","url":"https:\/\/staging1.limitlessborders.com.br\/","logo":{"@type":"ImageObject","inLanguage":"pt-BR","@id":"https:\/\/staging1.limitlessborders.com.br\/#\/schema\/logo\/image\/","url":"https:\/\/staging1.limitlessborders.com.br\/wp-content\/uploads\/2025\/02\/click.png","contentUrl":"https:\/\/staging1.limitlessborders.com.br\/wp-content\/uploads\/2025\/02\/click.png","width":600,"height":177,"caption":"Advogados &amp; Associados"},"image":{"@id":"https:\/\/staging1.limitlessborders.com.br\/#\/schema\/logo\/image\/"}}]}},"_links":{"self":[{"href":"https:\/\/staging1.limitlessborders.com.br\/index.php\/wp-json\/wp\/v2\/pages\/156","targetHints":{"allow":["GET"]}}],"collection":[{"href":"https:\/\/staging1.limitlessborders.com.br\/index.php\/wp-json\/wp\/v2\/pages"}],"about":[{"href":"https:\/\/staging1.limitlessborders.com.br\/index.php\/wp-json\/wp\/v2\/types\/page"}],"author":[{"embeddable":true,"href":"https:\/\/staging1.limitlessborders.com.br\/index.php\/wp-json\/wp\/v2\/users\/1"}],"replies":[{"embeddable":true,"href":"https:\/\/staging1.limitlessborders.com.br\/index.php\/wp-json\/wp\/v2\/comments?post=156"}],"version-history":[{"count":4,"href":"https:\/\/staging1.limitlessborders.com.br\/index.php\/wp-json\/wp\/v2\/pages\/156\/revisions"}],"predecessor-version":[{"id":174,"href":"https:\/\/staging1.limitlessborders.com.br\/index.php\/wp-json\/wp\/v2\/pages\/156\/revisions\/174"}],"wp:attachment":[{"href":"https:\/\/staging1.limitlessborders.com.br\/index.php\/wp-json\/wp\/v2\/media?parent=156"}],"curies":[{"name":"wp","href":"https:\/\/api.w.org\/{rel}","templated":true}]}}